443 + -5?
-10451
In base 4, what is 23 + 3032?
3121
In base 15, what is -cde + 4?
-cda
In base 5, what is 3 + -1303?
-1300
In base 9, what is 5716 - 1?
5715
In base 15, what is d1 - -1?
d2
In base 15, what is -d7 - 5?
-dc
In base 13, what is -6 - 7a?
-83
In base 16, what is -3 + -46?
-49
In base 9, what is 15 - 20?
-4
In base 11, what is 197 - -1?
198
In base 10, what is -22 + -8?
-30
In base 10, what is -42 + -55?
-97
In base 10, what is 83 + 3?
86
In base 14, what is 64cb + -1?
64ca
In base 14, what is -80 - 2?
-82
In base 13, what is -1cb5 + 5?
-1cb0
In base 11, what is -20 - 12?
-32
In base 14, what is -4 + -34?
-38
In base 3, what is 20 - 201?
-111
In base 5, what is 3 + 22043?
22101
In base 14, what is 6 - -d9?
101
In base 15, what is 2 - d?
-b
In base 4, what is -2032 - -12?
-2020
In base 11, what is 25 - 11?
14
In base 15, what is 367 + -3?
364
In base 7, what is -2632 + -3?
-2635
In base 8, what is -61 - -31?
-30
In base 4, what is -11 - 1000?
-1011
In base 8, what is -3 - 16?
-21
In base 9, what is 2307 - -5?
2313
In base 16, what is 3de + 1?
3df
In base 8, what is 15 + -20?
-3
In base 14, what is 5 + 20da?
2101
In base 2, what is -10 - 11101010?
-11101100
In base 2, what is -10100 + 100100011?
100001111
In base 7, what is -6 - -55?
46
In base 7, what is 1 - -3?
4
In base 13, what is 3 + 35a9?
35ac
In base 2, what is -1000100011 + -100001?
-1001000100
In base 9, what is 5 + 541?
546
In base 14, what is -2d - -b?
-22
In base 7, what is -106 - -5?
-101
In base 6, what is -131 - -540?
405
In base 11, what is a - -25?
34
In base 8, what is 452 + -14?
436
In base 10, what is -12 + 14?
2
In base 13, what is 2 - 4?
-2
In base 16, what is b97 + 0?
b97
In base 4, what is 22 - -23120?
23202
In base 8, what is 0 - 340?
-340
In base 12, what is -11a + -1?
-11b
In base 8, what is -135 - 42?
-177
In base 15, what is 9d - -5?
a3
In base 2, what is -100111 - 100111101?
-101100100
In base 6, what is 1023 - 33?
550
In base 15, what is 1 + -25?
-24
In base 13, what is -59 - -3?
-56
In base 3, what is 2 - -201?
210
In base 15, what is -5 + -44?
-49
In base 11, what is -22a - -4?
-226
In base 7, what is 4 + -5462?
-5455
In base 7, what is 13164 + -1?
13163
In base 5, what is 4 - 32?
-23
In base 4, what is -1021 + 2213?
1132
In base 11, what is -19a + -30?
-21a
In base 7, what is 2 + 625?
630
In base 5, what is 31 - 11424?
-11343
In base 6, what is -35 + 3?
-32
In base 4, what is -3 + -213?
-222
In base 16, what is -1 + 2d?
2c
In base 8, what is -3 + -453?
-456
In base 11, what is 1302 - -18?
131a
In base 13, what is 0 + 49?
49
In base 9, what is 224 - 6?
217
In base 5, what is -303 + 11?
-242
In base 3, what is 102 - -220?
1022
In base 8, what is 22 + -32?
-10
In base 15, what is 3 - -27?
2a
In base 16, what is 6 + a5?
ab
In base 5, what is 11120 + 1?
11121
In base 6, what is 202 + 14?
220
In base 12, what is -42 + -1?
-43
In base 3, what is -101 - -2001110?
2001002
In base 10, what is -24 + -674?
-698
In base 14, what is 18c6 + -4?
18c2
In base 7, what is 1 - -345?
346
In base 15, what is -3 - 914?
-917
In base 5, what is 130 - -2?
132
In base 4, what is 2 + 1210?
1212
In base 14, what is 1140 + -1?
113d
In base 8, what is -30 - -4?
-24
In base 8, what is 1 + 766?
767
In base 6, what is 2 + 10?
12
In base 2, what is 101100 + -101100011?
-100110111
In base 11, what is 1a5 - -5?
1aa
In base 7, what is 3 - -26?
32
In base 9, what is -1 - 13?
-14
In base 5, what is 434 - -4?
443
In base 11, what is -5 + 2a7?
2a2
In base 6, what is -1 + -55?
-100
In base 4, what is -12 - 2210?
-2222
In base 6, what is -5 - -1345?
1340
In base 11, what is -2 - -37?
35
In base 6, what is 20 - -45?
105
In base 4, what is 313 + -11?
302
In base 11, what is a + -9a?
-90
In base 7, what is 56 + 22?
111
In base 12, what is 22 + -30?
-a
In base 2, what is -11001010 + 1?
-11001001
In base 9, what is -1138 + -21?
-1160
In base 5, what is 4 - -12433?
12442
In base 3, what is -122100 + 110?
-121220
In base 4, what is -2 + -21?
-23
In base 10, what is 19 + 64?
83
In base 16, what is 4 - -25?
29
In base 14, what is 580 - 11?
56d
In base 6, what is -5 + -111?
-120
In base 13, what is -9c + 5?
-97
In base 9, what is -783 - 8?
-802
In base 6, what is -30 + -555?
-1025
In base 12, what is -1 + -182?
-183
In base 7, what is 114305 - 1?
114304
In base 14, what is 3 + 18?
1b
In base 7, what is 402 + 4?
406
In base 9, what is -50 - -152?
102
In base 3, what is -10 + -1011220?
-1012000
In base 16, what is 21 + 203?
224
In base 12, what is -47 + -3?
-4a
In base 2, what is -10010 - -1000?
-1010
In base 9, what is -5 + -242?
-247
In base 10, what is 18 + 4?
22
In base 3, what is -1 - 20?
-21
In base 3, what is -22102 + -10?
-22112
In base 2, what is -101000010 - -100?
-100111110
In base 7, what is 20122 - -3?
20125
In base 3, what is 1120021 + -12?
1120002
In base 8, what is 1 - 6661?
-6660
In base 3, what is 200 - -12000?
12200
In base 4, what is -10121 - 2?
-10123
In base 13, what is 0 - -16?
16
In base 13, what is -5 - -1ba1?
1b99
In base 13, what is 5 + 69?
71
In base 10, what is -1 + 5?
4
In base 9, what is 200 - 4?
185
In base 5, what is 120 + 3000?
3120
In base 5, what is -12301 + -12?
-12313
In base 4, what is 31 - -2331?
3022
In base 11, what is 10 - 665?
-655
In base 2, what is 1010 - -110?
10000
In base 10, what is -603 - 3?
-606
In base 2, what is 0 + -101111?
-101111
In base 5, what is -204 + -4?
-213
In base 12, what is -942 + -5?
-947
In base 11, what is 2 + -1450?
-1449
In base 9, what is -634 - 30?
-664
In base 16, what is a + -277?
-26d
In base 15, what is -c3 - 0?
-c3
In base 15, what is -3 - -5?
2
In base 7, what is 12 - 131?
-116
In base 10, what is 47 - -322?
369
In base 5, what is 21343 + 4?
21402
In base 14, what is 273 - -4?
277
In base 6, what is 0 - -12552?
12552
In base 7, what is 2 + -236?
-234
In base 16, what is -36 + 7?
-2f
In base 16, what is 3 + c07?
c0a
In base 6, what is -111053 - -3?
-111050
In base 2, what is -11000000 - 100?
-11000100
In base 8, what is -3607 - -4?
-3603
In base 11, what is -5a - -4?
-56
In base 16, what is -3 - 18?
-1b
In base 5, what is 3 + -3042?
-3034
In base 15, what is -2 - -5b9?
5b7
In base 5, what is 10 - -1310?
1320
In base 3, what is 221121 + 111?
222002
In base 5, what is 14141 - 3?
14133
In base 6, what is -4 + -53?
-101
In base 2, what is -10111 + 1?
-10110
In base 6, what is 2 - -10511?
10513
In base 3, what is 2010101012 - -2?
2010101021
In base 16, what is 1e - 19?
5
In base 16, what is -1f9 - -4?
-1f5
In base 11, what is 6 - 47?
-41
In base 8, what is -4 + 64?
60
In base 6, what is -2 - 551?
-553
In base 14, what is -27b - -5?
-276
In base 10, what is 603 - -2?
605
In base 7, what is 34350 - 3?
34344
In base 4, what is 11 - -2200?
2211
In base 5, what is -2 - 11020?
-11022
In base 14, what is 2 + -1667?
-1665
In base 11, what is 3 - -111a?
1122
In base 11, what is -7a + -2?
-81
In base 14, what is -1c + 44?
26
In base 6, what is -230 - 205?
-435
In base 11, what is 9 + -2?
7
In base 6, what is -551 + 40?
-511
In base 16, what is -28 - -c?
-1c
In base 14, what is -117 - 0?
-117
In base 14, what is -137 + -42?
-179
In base 12, what is -182 + -b?
-191
In base 4, what is -1 - 11231?
-11232
In base 6, what is -14 - 130?
-144
In base 3, what is -12 - -2102101?
2102012
In base 9, what is 723 - -2?
725
In base 14, what is -2d65 - 2?
-2d67
In base 16, what is -6c + -77?
-e3
In base 11, what is 0 - -4661?
4661
In base 13, what is 373 + -4?
36c
In base 9, what is 6 - -21?
27
In base 7, what is 5 - -2032?
2040
In base 11, what is 2979 - -5?
2983
In base 10, what is 0 + 58?
58
In base 3, what is 1 - -12012?
12020
In base 6, what is -3 - 4545?
-4552
In base 16, what is -f9a + 3?
-f97
In base 8, what is -1 + 7447?
7446
In base 5, what is -23 + -343?
-421
In base 9, what is -17 - 25?
-43
In base 15, what is 2e18 + -1?
2e17
In base 2, what is 101 + -101111?
-101010
In base 7, what is 6 + 30?
36
In base 2, what is -111101 - -110011?
-1010
In base 10, what is -54 - -75?
21
In base 10, what is -23 - 5?
-28
In base 5, what is 100404 + -1?
100403
In base 15, what is -d8 - -4?
-d4
In base 16, what is -25c + -2?
-25e
In base 2, what is 10011011 - -1?
10011100
In base 14, what is -2 - 5?
-7
In base 11, what is -3a - 79?
-108
In base 16, what is 1 +